are the prime factors of 6086371?
6086371
List the prime factors of 221874.
2, 3, 36979
List the prime factors of 1080147.
3, 360049
List the prime factors of 3820483.
1451, 2633
List the prime factors of 2876166.
2, 3, 159787
What are the prime factors of 4049634?
2, 3, 251, 2689
List the prime factors of 3683650.
2, 5, 73673
What are the prime factors of 5010090?
2, 3, 5, 23, 53, 137
List the prime factors of 241206.
2, 3, 7, 5743
What are the prime factors of 1758105?
3, 5, 1447
What are the prime factors of 609568?
2, 43, 443
What are the prime factors of 1128202?
2, 157, 3593
List the prime factors of 23676458.
2, 13, 79, 11527
List the prime factors of 6034606.
2, 3017303
What are the prime factors of 54592?
2, 853
List the prime factors of 998824.
2, 124853
List the prime factors of 257090.
2, 5, 47, 547
What are the prime factors of 8975697?
3, 2991899
List the prime factors of 364233.
3, 317, 383
List the prime factors of 281460.
2, 3, 5, 4691
What are the prime factors of 744263?
13, 57251
What are the prime factors of 1747473?
3, 7, 13, 37, 173
What are the prime factors of 316468?
2, 61, 1297
List the prime factors of 1359405.
3, 5, 17, 1777
List the prime factors of 5199782.
2, 7, 97, 547
What are the prime factors of 7066860?
2, 3, 5, 19, 6199
List the prime factors of 891953.
29, 30757
What are the prime factors of 353349?
3, 23, 569
What are the prime factors of 29625079?
11, 73, 79, 467
List the prime factors of 3453158.
2, 43, 40153
List the prime factors of 2008185.
3, 5, 83, 1613
What are the prime factors of 129287?
129287
What are the prime factors of 2696744?
2, 17, 79, 251
List the prime factors of 2039983.
11, 17, 10909
List the prime factors of 490685.
5, 13, 7549
What are the prime factors of 1734704?
2, 181, 599
List the prime factors of 209665.
5, 19, 2207
List the prime factors of 1887032.
2, 7, 31, 1087
What are the prime factors of 14007794?
2, 53, 103, 1283
List the prime factors of 9151332.
2, 3, 23, 71, 467
What are the prime factors of 19139395?
5, 11, 347989
List the prime factors of 8172178.
2, 7, 583727
List the prime factors of 466755.
3, 5, 29, 37
List the prime factors of 182759.
179, 1021
List the prime factors of 875770.
2, 5, 7, 12511
List the prime factors of 4059350.
2, 5, 19, 4273
What are the prime factors of 487463?
487463
List the prime factors of 43209.
3, 4801
List the prime factors of 6753090.
2, 3, 5, 163, 1381
List the prime factors of 5554222.
2, 2777111
What are the prime factors of 10518423?
3, 3506141
What are the prime factors of 139683?
3, 101, 461
What are the prime factors of 592359?
3, 197453
List the prime factors of 521833.
13, 137, 293
List the prime factors of 464722.
2, 317, 733
What are the prime factors of 235852?
2, 58963
What are the prime factors of 3312?
2, 3, 23
List the prime factors of 5593743.
3, 621527
List the prime factors of 4884610.
2, 5, 17, 59, 487
What are the prime factors of 232954?
2, 269, 433
List the prime factors of 21529713.
3, 43, 47, 53, 67
What are the prime factors of 446914?
2, 13, 17189
What are the prime factors of 136478?
2, 68239
List the prime factors of 2705016.
2, 3, 41, 2749
What are the prime factors of 570369?
3, 31, 6133
List the prime factors of 4336147.
4336147
What are the prime factors of 14482594?
2, 7, 23, 41, 1097
List the prime factors of 42512.
2, 2657
What are the prime factors of 6164196?
2, 3, 513683
List the prime factors of 132448.
2, 4139
List the prime factors of 99438.
2, 3, 16573
What are the prime factors of 23159327?
43, 538589
What are the prime factors of 504803?
13, 29, 103
What are the prime factors of 44927?
44927
What are the prime factors of 4868097?
3, 13, 124823
List the prime factors of 344676.
2, 3, 28723
List the prime factors of 249876.
2, 3, 11, 631
What are the prime factors of 1393440?
2, 3, 5, 2903
List the prime factors of 275026.
2, 17, 8089
List the prime factors of 385202.
2, 192601
List the prime factors of 517249.
517249
What are the prime factors of 432108?
2, 3, 4001
What are the prime factors of 4112951?
239, 17209
What are the prime factors of 810090?
2, 3, 5, 9001
What are the prime factors of 296278?
2, 148139
What are the prime factors of 4523331?
3, 653, 2309
What are the prime factors of 679091?
7, 13859
List the prime factors of 996845.
5, 193, 1033
List the prime factors of 247485.
3, 5, 7, 2357
List the prime factors of 2199831.
3, 733277
What are the prime factors of 688595?
5, 41, 3359
What are the prime factors of 265323?
3, 59, 1499
List the prime factors of 30962.
2, 113, 137
What are the prime factors of 565536?
2, 3, 43, 137
What are the prime factors of 198500?
2, 5, 397
List the prime factors of 228057.
3, 19, 4001
List the prime factors of 1283333.
1283333
What are the prime factors of 975693?
3, 325231
List the prime factors of 143230.
2, 5, 14323
What are the prime factors of 17212?
2, 13, 331
List the prime factors of 17138800.
2, 5, 7, 6121
List the prime factors of 26407989.
3, 1283, 2287
What are the prime factors of 634085?
5, 29, 4373
What are the prime factors of 13863683?
13863683
What are the prime factors of 9438945?
3, 5, 629263
What are the prime factors of 3918944?
2, 29, 41, 103
What are the prime factors of 1776737?
383, 4639
List the prime factors of 760599.
3, 7, 12073
What are the prime factors of 276457?
29, 9533
List the prime factors of 101210.
2, 5, 29, 349
List the prime factors of 4186107.
3, 227, 683
What are the prime factors of 780868?
2, 11, 17747
What are the prime factors of 1611834?
2, 3, 7, 38377
List the prime factors of 8417.
19, 443
List the prime factors of 906594.
2, 3, 13, 59, 197
What are the prime factors of 4055261?
7, 167, 3469
What are the prime factors of 1005742?
2, 157, 3203
List the prime factors of 985440.
2, 3, 5, 2053
What are the prime factors of 683106?
2, 3, 257, 443
What are the prime factors of 11999?
13, 71
What are the prime factors of 580373?
580373
What are the prime factors of 151425?
3, 5, 673
List the prime factors of 317076.
2, 3, 26423
What are the prime factors of 3076835?
5, 615367
What are the prime factors of 2436477?
3, 109, 7451
List the prime factors of 480448.
2, 7507
What are the prime factors of 5699657?
61, 223, 419
List the prime factors of 178842.
2, 3, 41, 727
List the prime factors of 4628454.
2, 3, 17, 45377
List the prime factors of 801281.
13, 61637
What are the prime factors of 37564139?
37, 47, 21601
List the prime factors of 2953710.
2, 3, 5, 37, 887
What are the prime factors of 7800?
2, 3, 5, 13
List the prime factors of 198390.
2, 3, 5, 17, 389
What are the prime factors of 2183764?
2, 11, 31, 1601
What are the prime factors of 30051521?
19, 79, 20021
What are the prime factors of 110597?
110597
What are the prime factors of 430873?
430873
List the prime factors of 93351.
3, 29, 37
List the prime factors of 248715.
3, 5, 5527
List the prime factors of 6297662.
2, 7, 449833
List the prime factors of 1268586.
2, 3, 11, 43, 149
List the prime factors of 2231630.
2, 5, 41, 5443
List the prime factors of 46925.
5, 1877
What are the prime factors of 12093343?
577, 20959
What are the prime factors of 709424?
2, 101, 439
What are the prime factors of 3399016?
2, 83, 5119
List the prime factors of 6974112.
2, 3, 72647
List the prime factors of 140068.
2, 19, 97
List the prime factors of 558162.
2, 3, 11, 2819
What are the prime factors of 81381?
3, 27127
List the prime factors of 106519.
7, 15217
List the prime factors of 243429.
3, 53, 1531
What are the prime factors of 14876055?
3, 5, 23, 1597
What are the prime factors of 4447801?
4447801
List the prime factors of 773038.
2, 7, 55217
What are the prime factors of 6107002?
2, 11, 89, 3119
List the prime factors of 1325747.
37, 35831
What are the prime factors of 1501751?
967, 1553
List the prime factors of 66520.
2, 5, 1663
List the prime factors of 9374699.
1399, 6701
List the prime factors of 5557073.
5557073
List the prime factors of 6400284.
2, 3, 11, 48487
What are the prime factors of 147705?
3, 5, 43, 229
What are the prime factors of 381818?
2, 190909
List the prime factors of 18618600.
2, 3, 5, 7, 11, 13, 31
What are the prime factors of 233869?
17, 13757
List the prime factors of 3691.
3691
List the prime factors of 40322491